{"id":290,"date":"2024-10-30T14:11:08","date_gmt":"2024-10-30T14:11:08","guid":{"rendered":"https:\/\/leader.galcetateabucovinei.ro\/?page_id=290"},"modified":"2025-09-10T15:13:09","modified_gmt":"2025-09-10T12:13:09","slug":"informatii-generale","status":"publish","type":"page","link":"https:\/\/leader.galcetateabucovinei.ro\/index.php\/informatii-generale\/","title":{"rendered":"INFORMA\u021aII GENERALE"},"content":{"rendered":"<h2 style=\"text-align: left;\">INFORMA\u021aII GENERALE PRIVIND IMPLEMENTAREA SDL PRIN INTERMEDIUL LEADER<\/h2>\n<p><img decoding=\"async\" src=\"https:\/\/leader.galcetateabucovinei.ro\/wp-content\/uploads\/2024\/10\/cropped-logo_monocrom-1.png\" alt=\"\" width=\"174\" height=\"172\" \/><\/p>\n<h3 style=\"text-align: left;\"><strong>Programul LEADER reprezint\u0103 o abordare care ofer\u0103 noi oportunit\u0103\u0163i de dezvoltare rural\u0103 pun\u00e2nd bazele identific\u0103rii nevoilor locale, \u00eent\u0103ririi capacit\u0103\u0163ii de dezvoltare \u015fi implement\u0103rii strategiilor locale de dezvoltare \u00een vederea conserv\u0103rii patrimoniului rural \u015fi cultural, dezvolt\u0103rii mediului economic \u015fi \u00eembun\u0103t\u0103\u0163irii abilit\u0103\u0163ilor organizatorice ale comunit\u0103\u0163ilor locale.<\/strong><\/h3>\n<h3><strong>LEADER este un instrument important pentru Rom\u00e2nia \u00een reducerea dezechilibrelor economice \u0219i sociale \u0219i a disparit\u0103\u021bilor dintre urban-rural.<\/strong><\/h3>\n<h3><strong>Abordarea LEADER are o importan\u0163\u0103 deosebit\u0103 \u00eentruc\u00e2t contribuie prin prisma specificului ei la o dezvoltare echilibrat\u0103 a teritoriilor rurale \u015fi la accelerarea evolu\u0163iei structurale. Implicarea actorilor locali \u00een dezvoltarea propriilor zone, va contribui la realizarea unei dezvolt\u0103ri dinamice, sprijinit\u0103 de o strategie de dezvoltare local\u0103, elaborat\u0103 \u015fi implementat\u0103 local \u015fi administrat\u0103 de reprezentan\u0163i ai Grupurilor de Ac\u0163iune Local\u0103.<\/strong><\/h3>\n<h3><strong>In contextul LEADER, \u201cteritoriul\u201d este definit ca o zon\u00e3 omogen\u00e3, limitat\u0103 ca dimensiune, dar av\u00e2nd suficient\u0103 capacitate \u015fi consecven\u0163\u0103 pentru a elabora \u015fi aplica strategii de dezvoltare viabile. Astfel, teritoriul reprezint\u00e3 o grupare de comunit\u0103\u0163i locale care \u00eemp\u00e3rt\u00e3\u015fesc o identitate comun\u0103, bazat\u0103 pe un sentiment de apartenen\u0163\u0103 la acela\u015fi mediu natural \u015fi cultural. \u00cen acest context, teritoriul ASOCIA\u021aIEI \u201eGAL CETATEA BUCOVINEI\u201d cuprinde un num\u0103r de 12 localit\u0103\u0163i din jude\u021bul Suceava, este omogen, coeziv din punct de vedere social, caracterizat prin tradi\u021bii comune, identitate local\u0103, nevoi \u0219i a\u0219tept\u0103ri comune.<\/strong><\/h3>\n<h3><strong>Tem\u0103 unificatoare: \u00ceMPREUN\u0102 PENTRU O COMUNITATE MAI BUN\u0102 are la baza continuarea dezvolt\u0103rii comunit\u0103\u021bii locale \u00eenceput\u0103 din perioada de finan\u021bare 2014-2020, av\u00e2nd la baza o abordare sistemic\u0103, conduc\u00e2nd la o dezvoltare integrat\u0103 a teritoriului ASOCIA\u021aIEI \u201eGAL CETATEA BUCOVINEI\u201d \u00een urma implement\u0103rii SDL 2023-2027.<\/strong><\/h3>\n\n\n<figure class=\"wp-block-image size-full\"><img fetchpriority=\"high\" decoding=\"async\" width=\"842\" height=\"595\" src=\"https:\/\/leader.galcetateabucovinei.ro\/wp-content\/uploads\/2025\/09\/Autorizatie-de-functionare-GAL-CETATEA-BUCOVINEI_001.jpg\" alt=\"\" class=\"wp-image-3256\" srcset=\"https:\/\/leader.galcetateabucovinei.ro\/wp-content\/uploads\/2025\/09\/Autorizatie-de-functionare-GAL-CETATEA-BUCOVINEI_001.jpg 842w, https:\/\/leader.galcetateabucovinei.ro\/wp-content\/uploads\/2025\/09\/Autorizatie-de-functionare-GAL-CETATEA-BUCOVINEI_001-300x212.jpg 300w, https:\/\/leader.galcetateabucovinei.ro\/wp-content\/uploads\/2025\/09\/Autorizatie-de-functionare-GAL-CETATEA-BUCOVINEI_001-768x543.jpg 768w\" sizes=\"(max-width: 842px) 100vw, 842px\" \/><\/figure>\n","protected":false},"excerpt":{"rendered":"<p>INFORMA\u021aII GENERALE PRIVIND IMPLEMENTAREA SDL PRIN INTERMEDIUL LEADER Programul LEADER reprezint\u0103 o abordare care ofer\u0103 noi oportunit\u0103\u0163i de dezvoltare rural\u0103 pun\u00e2nd bazele identific\u0103rii nevoilor locale, \u00eent\u0103ririi capacit\u0103\u0163ii de dezvoltare \u015fi [&hellip;]<\/p>\n","protected":false},"author":1,"featured_media":0,"parent":0,"menu_order":0,"comment_status":"closed","ping_status":"closed","template":"","meta":{"footnotes":""},"class_list":["post-290","page","type-page","status-publish","hentry"],"_links":{"self":[{"href":"https:\/\/leader.galcetateabucovinei.ro\/index.php\/wp-json\/wp\/v2\/pages\/290","targetHints":{"allow":["GET"]}}],"collection":[{"href":"https:\/\/leader.galcetateabucovinei.ro\/index.php\/wp-json\/wp\/v2\/pages"}],"about":[{"href":"https:\/\/leader.galcetateabucovinei.ro\/index.php\/wp-json\/wp\/v2\/types\/page"}],"author":[{"embeddable":true,"href":"https:\/\/leader.galcetateabucovinei.ro\/index.php\/wp-json\/wp\/v2\/users\/1"}],"replies":[{"embeddable":true,"href":"https:\/\/leader.galcetateabucovinei.ro\/index.php\/wp-json\/wp\/v2\/comments?post=290"}],"version-history":[{"count":135,"href":"https:\/\/leader.galcetateabucovinei.ro\/index.php\/wp-json\/wp\/v2\/pages\/290\/revisions"}],"predecessor-version":[{"id":3261,"href":"https:\/\/leader.galcetateabucovinei.ro\/index.php\/wp-json\/wp\/v2\/pages\/290\/revisions\/3261"}],"wp:attachment":[{"href":"https:\/\/leader.galcetateabucovinei.ro\/index.php\/wp-json\/wp\/v2\/media?parent=290"}],"curies":[{"name":"wp","href":"https:\/\/api.w.org\/{rel}","templated":true}]}}