{"id":3175,"date":"2025-08-26T12:49:14","date_gmt":"2025-08-26T09:49:14","guid":{"rendered":"https:\/\/leader.galcetateabucovinei.ro\/?page_id=3175"},"modified":"2026-01-05T12:31:41","modified_gmt":"2026-01-05T09:31:41","slug":"investitii-si-servicii-pentru-dezvoltarea-teritoriului","status":"publish","type":"page","link":"https:\/\/leader.galcetateabucovinei.ro\/index.php\/investitii-si-servicii-pentru-dezvoltarea-teritoriului\/","title":{"rendered":"Investi\u021bii \u0219i servicii pentru dezvoltarea teritoriului"},"content":{"rendered":"\n<p class=\"has-small-font-size\"><em><strong>Prelungire apel la 05.01.2026<\/strong><\/em><\/p>\n\n\n\n<div class=\"wp-block-file\"><a id=\"wp-block-file--media-1d479485-90e6-4785-92d4-a5903e81ad7f\" href=\"https:\/\/leader.galcetateabucovinei.ro\/wp-content\/uploads\/2026\/01\/Anunt-prelungire-apel-DEZVOLTARE-TERITORIU-05.01.2026.pdf\">Anunt prelungire apel DEZVOLTARE TERITORIU 05.01.2026<\/a><a href=\"https:\/\/leader.galcetateabucovinei.ro\/wp-content\/uploads\/2026\/01\/Anunt-prelungire-apel-DEZVOLTARE-TERITORIU-05.01.2026.pdf\" class=\"wp-block-file__button wp-element-button\" download aria-describedby=\"wp-block-file--media-1d479485-90e6-4785-92d4-a5903e81ad7f\">Descarc\u0103<\/a><\/div>\n\n\n\n<p class=\"has-small-font-size\"><strong><em>Documente postate la 21.11.2025<\/em><\/strong><\/p>\n\n\n\n<div class=\"wp-block-file\"><a id=\"wp-block-file--media-03e1d311-e726-48b3-b202-67341bc355ac\" href=\"https:\/\/leader.galcetateabucovinei.ro\/wp-content\/uploads\/2025\/11\/0-F2-CDRJ-Suceava.pdf\">0 F2 CDRJ Suceava<\/a><a href=\"https:\/\/leader.galcetateabucovinei.ro\/wp-content\/uploads\/2025\/11\/0-F2-CDRJ-Suceava.pdf\" class=\"wp-block-file__button wp-element-button\" download aria-describedby=\"wp-block-file--media-03e1d311-e726-48b3-b202-67341bc355ac\">Descarc\u0103<\/a><\/div>\n\n\n\n<div class=\"wp-block-file\"><a id=\"wp-block-file--media-a142ce08-d5ee-44c9-963b-015d8313c49f\" href=\"https:\/\/leader.galcetateabucovinei.ro\/wp-content\/uploads\/2025\/11\/1-Anunt-lansare-apel-de-selectie-semnat.pdf\">1 Anun\u021b lansare apel de selec\u021bie semnat<\/a><a href=\"https:\/\/leader.galcetateabucovinei.ro\/wp-content\/uploads\/2025\/11\/1-Anunt-lansare-apel-de-selectie-semnat.pdf\" class=\"wp-block-file__button wp-element-button\" download aria-describedby=\"wp-block-file--media-a142ce08-d5ee-44c9-963b-015d8313c49f\">Descarc\u0103<\/a><\/div>\n\n\n\n<div class=\"wp-block-file\"><a id=\"wp-block-file--media-98705959-feaa-4d08-b1b1-28cd196fd79e\" href=\"https:\/\/leader.galcetateabucovinei.ro\/wp-content\/uploads\/2025\/11\/1-Ghidul-Solicitantului-Interventia-1-FEADR.pdf\">1 Ghidul Solicitantului Interventia 1 FEADR<\/a><a href=\"https:\/\/leader.galcetateabucovinei.ro\/wp-content\/uploads\/2025\/11\/1-Ghidul-Solicitantului-Interventia-1-FEADR.pdf\" class=\"wp-block-file__button wp-element-button\" download aria-describedby=\"wp-block-file--media-98705959-feaa-4d08-b1b1-28cd196fd79e\">Descarc\u0103<\/a><\/div>\n\n\n\n<div class=\"wp-block-file\"><a id=\"wp-block-file--media-5dff7e11-e930-47ee-a61c-46092bb7cd9b\" href=\"https:\/\/leader.galcetateabucovinei.ro\/wp-content\/uploads\/2025\/11\/2-Cererea-de-finantare-investitii.pdf\">2 Cererea de finantare investitii<\/a><a href=\"https:\/\/leader.galcetateabucovinei.ro\/wp-content\/uploads\/2025\/11\/2-Cererea-de-finantare-investitii.pdf\" class=\"wp-block-file__button wp-element-button\" download aria-describedby=\"wp-block-file--media-5dff7e11-e930-47ee-a61c-46092bb7cd9b\">Descarc\u0103<\/a><\/div>\n\n\n\n<div class=\"wp-block-file\"><a id=\"wp-block-file--media-72eb544d-3ab2-4749-8c17-af88a2bd3e74\" href=\"https:\/\/leader.galcetateabucovinei.ro\/wp-content\/uploads\/2025\/11\/3-Fisa-de-verificare-a-criteriilor-de-eligibilitate-si-de-selectie-locale.docx\">3 Fisa de verificare a criteriilor de eligibilitate si de selectie locale<\/a><a href=\"https:\/\/leader.galcetateabucovinei.ro\/wp-content\/uploads\/2025\/11\/3-Fisa-de-verificare-a-criteriilor-de-eligibilitate-si-de-selectie-locale.docx\" class=\"wp-block-file__button wp-element-button\" download aria-describedby=\"wp-block-file--media-72eb544d-3ab2-4749-8c17-af88a2bd3e74\">Descarc\u0103<\/a><\/div>\n\n\n\n<div class=\"wp-block-file\"><a id=\"wp-block-file--media-c2244956-8132-4478-aef1-bf2e75ada921\" href=\"https:\/\/leader.galcetateabucovinei.ro\/wp-content\/uploads\/2025\/11\/4-Declaratia-pe-propria-raspundere-pentru-proiect-PS-2023\u20132027.docx\">4 Declara\u021bia pe propria r\u0103spundere pentru proiect PS 2023\u20132027<\/a><a href=\"https:\/\/leader.galcetateabucovinei.ro\/wp-content\/uploads\/2025\/11\/4-Declaratia-pe-propria-raspundere-pentru-proiect-PS-2023\u20132027.docx\" class=\"wp-block-file__button wp-element-button\" download aria-describedby=\"wp-block-file--media-c2244956-8132-4478-aef1-bf2e75ada921\">Descarc\u0103<\/a><\/div>\n\n\n\n<div class=\"wp-block-file\"><a id=\"wp-block-file--media-56ec47bf-853b-4ec4-996b-c2caa2fb8534\" href=\"https:\/\/leader.galcetateabucovinei.ro\/wp-content\/uploads\/2025\/11\/5-Declaratia-pe-propria-raspundere-privind-criteriile-de-selectie.docx\">5 Declara\u021bia pe propria r\u0103spundere privind criteriile de selec\u021bie<\/a><a href=\"https:\/\/leader.galcetateabucovinei.ro\/wp-content\/uploads\/2025\/11\/5-Declaratia-pe-propria-raspundere-privind-criteriile-de-selectie.docx\" class=\"wp-block-file__button wp-element-button\" download aria-describedby=\"wp-block-file--media-56ec47bf-853b-4ec4-996b-c2caa2fb8534\">Descarc\u0103<\/a><\/div>\n\n\n\n<div class=\"wp-block-file\"><a id=\"wp-block-file--media-aaaca880-cebd-40ed-bbf0-8509955520f8\" href=\"https:\/\/leader.galcetateabucovinei.ro\/wp-content\/uploads\/2025\/11\/6-Declaratia-pe-propria-raspundere-raportare-catre-GAL.docx\">6 Declara\u021bia pe propria r\u0103spundere raportare c\u0103tre GAL<\/a><a href=\"https:\/\/leader.galcetateabucovinei.ro\/wp-content\/uploads\/2025\/11\/6-Declaratia-pe-propria-raspundere-raportare-catre-GAL.docx\" class=\"wp-block-file__button wp-element-button\" download aria-describedby=\"wp-block-file--media-aaaca880-cebd-40ed-bbf0-8509955520f8\">Descarc\u0103<\/a><\/div>\n\n\n\n<div class=\"wp-block-file\"><a id=\"wp-block-file--media-2f5a1590-b846-4f62-bfc8-544516975f99\" href=\"https:\/\/leader.galcetateabucovinei.ro\/wp-content\/uploads\/2025\/11\/7-anexa-101-model-memoriu-justificativ.doc\">7 anexa-101-model-memoriu-justificativ<\/a><a href=\"https:\/\/leader.galcetateabucovinei.ro\/wp-content\/uploads\/2025\/11\/7-anexa-101-model-memoriu-justificativ.doc\" class=\"wp-block-file__button wp-element-button\" download aria-describedby=\"wp-block-file--media-2f5a1590-b846-4f62-bfc8-544516975f99\">Descarc\u0103<\/a><\/div>\n\n\n\n<div class=\"wp-block-file\"><a id=\"wp-block-file--media-fb8ad580-9dff-4297-8d33-925946894a7d\" href=\"https:\/\/leader.galcetateabucovinei.ro\/wp-content\/uploads\/2025\/11\/8-HG907-Model-studiu-de-fezabilitate-SF.docx\">8 HG907 &#8211; Model studiu de fezabilitate (SF)<\/a><a href=\"https:\/\/leader.galcetateabucovinei.ro\/wp-content\/uploads\/2025\/11\/8-HG907-Model-studiu-de-fezabilitate-SF.docx\" class=\"wp-block-file__button wp-element-button\" download aria-describedby=\"wp-block-file--media-fb8ad580-9dff-4297-8d33-925946894a7d\">Descarc\u0103<\/a><\/div>\n\n\n\n<div class=\"wp-block-file\"><a id=\"wp-block-file--media-0f064aba-0287-4114-b96e-2357304a87b3\" href=\"https:\/\/leader.galcetateabucovinei.ro\/wp-content\/uploads\/2025\/11\/9-HG907-Model-documentatie-avizare-lucrari-interventii-DALI.docx\">9 HG907 &#8211; Model documentatie avizare lucrari interventii (DALI)<\/a><a href=\"https:\/\/leader.galcetateabucovinei.ro\/wp-content\/uploads\/2025\/11\/9-HG907-Model-documentatie-avizare-lucrari-interventii-DALI.docx\" class=\"wp-block-file__button wp-element-button\" download aria-describedby=\"wp-block-file--media-0f064aba-0287-4114-b96e-2357304a87b3\">Descarc\u0103<\/a><\/div>\n\n\n\n<div class=\"wp-block-file\"><a id=\"wp-block-file--media-b0163b96-833a-4608-b57e-955d7bc12228\" href=\"https:\/\/leader.galcetateabucovinei.ro\/wp-content\/uploads\/2025\/11\/10-AFIR_E1.2.1L-Fisa-verificare-incadrare-proiect.docx\">10 AFIR_E1.2.1L &#8211; Fisa verificare incadrare proiect<\/a><a href=\"https:\/\/leader.galcetateabucovinei.ro\/wp-content\/uploads\/2025\/11\/10-AFIR_E1.2.1L-Fisa-verificare-incadrare-proiect.docx\" class=\"wp-block-file__button wp-element-button\" download aria-describedby=\"wp-block-file--media-b0163b96-833a-4608-b57e-955d7bc12228\">Descarc\u0103<\/a><\/div>\n\n\n\n<div class=\"wp-block-file\"><a id=\"wp-block-file--media-d8a4181c-9ad4-4aee-831b-980a8893b7bc\" href=\"https:\/\/leader.galcetateabucovinei.ro\/wp-content\/uploads\/2025\/11\/11-AFIR_E1.2.2L-Fisa-evaluare-generala-proiect-DR36-investitii.docx\">11 AFIR_E1.2.2L &#8211; Fisa evaluare generala proiect DR36 (investitii)<\/a><a href=\"https:\/\/leader.galcetateabucovinei.ro\/wp-content\/uploads\/2025\/11\/11-AFIR_E1.2.2L-Fisa-evaluare-generala-proiect-DR36-investitii.docx\" class=\"wp-block-file__button wp-element-button\" download aria-describedby=\"wp-block-file--media-d8a4181c-9ad4-4aee-831b-980a8893b7bc\">Descarc\u0103<\/a><\/div>\n\n\n\n<div class=\"wp-block-file\"><a id=\"wp-block-file--media-528064d7-098e-4897-a741-f2979506881c\" href=\"https:\/\/leader.galcetateabucovinei.ro\/wp-content\/uploads\/2025\/11\/12-Model_Hotarare_consiliu_local_privind_implementare_proiect.doc\">12 Model_Hotarare_consiliu_local_privind_implementare_proiect<\/a><a href=\"https:\/\/leader.galcetateabucovinei.ro\/wp-content\/uploads\/2025\/11\/12-Model_Hotarare_consiliu_local_privind_implementare_proiect.doc\" class=\"wp-block-file__button wp-element-button\" download aria-describedby=\"wp-block-file--media-528064d7-098e-4897-a741-f2979506881c\">Descarc\u0103<\/a><\/div>\n\n\n\n<div class=\"wp-block-file\"><a id=\"wp-block-file--media-3a74faaa-bd78-4d58-86ec-04586a6810df\" href=\"https:\/\/leader.galcetateabucovinei.ro\/wp-content\/uploads\/2025\/11\/13-Raport-asupra-utilizarii-programelor-de-finantare-nerambursabila.docx\">13 Raport asupra utiliz\u0103rii programelor de finan\u0163are nerambursabil\u0103<\/a><a href=\"https:\/\/leader.galcetateabucovinei.ro\/wp-content\/uploads\/2025\/11\/13-Raport-asupra-utilizarii-programelor-de-finantare-nerambursabila.docx\" class=\"wp-block-file__button wp-element-button\" download aria-describedby=\"wp-block-file--media-3a74faaa-bd78-4d58-86ec-04586a6810df\">Descarc\u0103<\/a><\/div>\n\n\n\n<div class=\"wp-block-file\"><a id=\"wp-block-file--media-1cba308b-cc1b-46cf-8751-c50113290d0a\" href=\"https:\/\/leader.galcetateabucovinei.ro\/wp-content\/uploads\/2025\/11\/14-Fisa-interventiei-1-Investitii-si-servicii-pentru-dezvoltarea-teritoriului.pdf\">14 Fisa interventiei 1 Investitii si servicii pentru dezvoltarea teritoriului<\/a><a href=\"https:\/\/leader.galcetateabucovinei.ro\/wp-content\/uploads\/2025\/11\/14-Fisa-interventiei-1-Investitii-si-servicii-pentru-dezvoltarea-teritoriului.pdf\" class=\"wp-block-file__button wp-element-button\" download aria-describedby=\"wp-block-file--media-1cba308b-cc1b-46cf-8751-c50113290d0a\">Descarc\u0103<\/a><\/div>\n\n\n\n<div class=\"wp-block-file\"><a id=\"wp-block-file--media-e5835c11-0d92-4e04-91b1-7384ac4642d9\" href=\"https:\/\/leader.galcetateabucovinei.ro\/wp-content\/uploads\/2025\/11\/15-Instruct-prinvind-evitarea-de-crearea-conditii-artificiale.docx\">15 Instruct prinvind evitarea de crearea conditii artificiale<\/a><a href=\"https:\/\/leader.galcetateabucovinei.ro\/wp-content\/uploads\/2025\/11\/15-Instruct-prinvind-evitarea-de-crearea-conditii-artificiale.docx\" class=\"wp-block-file__button wp-element-button\" download aria-describedby=\"wp-block-file--media-e5835c11-0d92-4e04-91b1-7384ac4642d9\">Descarc\u0103<\/a><\/div>\n\n\n\n<p><\/p>\n","protected":false},"excerpt":{"rendered":"<p>Prelungire apel la 05.01.2026 Documente postate la 21.11.2025<\/p>\n","protected":false},"author":1,"featured_media":0,"parent":0,"menu_order":0,"comment_status":"closed","ping_status":"closed","template":"","meta":{"footnotes":""},"class_list":["post-3175","page","type-page","status-publish","hentry"],"_links":{"self":[{"href":"https:\/\/leader.galcetateabucovinei.ro\/index.php\/wp-json\/wp\/v2\/pages\/3175","targetHints":{"allow":["GET"]}}],"collection":[{"href":"https:\/\/leader.galcetateabucovinei.ro\/index.php\/wp-json\/wp\/v2\/pages"}],"about":[{"href":"https:\/\/leader.galcetateabucovinei.ro\/index.php\/wp-json\/wp\/v2\/types\/page"}],"author":[{"embeddable":true,"href":"https:\/\/leader.galcetateabucovinei.ro\/index.php\/wp-json\/wp\/v2\/users\/1"}],"replies":[{"embeddable":true,"href":"https:\/\/leader.galcetateabucovinei.ro\/index.php\/wp-json\/wp\/v2\/comments?post=3175"}],"version-history":[{"count":4,"href":"https:\/\/leader.galcetateabucovinei.ro\/index.php\/wp-json\/wp\/v2\/pages\/3175\/revisions"}],"predecessor-version":[{"id":3407,"href":"https:\/\/leader.galcetateabucovinei.ro\/index.php\/wp-json\/wp\/v2\/pages\/3175\/revisions\/3407"}],"wp:attachment":[{"href":"https:\/\/leader.galcetateabucovinei.ro\/index.php\/wp-json\/wp\/v2\/media?parent=3175"}],"curies":[{"name":"wp","href":"https:\/\/api.w.org\/{rel}","templated":true}]}}

Investiții și servicii pentru dezvoltarea teritoriului

<p class="has-small-font-size"><em><strong>Prelungire apel la 05.01.2026</strong></em></p>



<div class="wp-block-file"><a id="wp-block-file--media-1d479485-90e6-4785-92d4-a5903e81ad7f" href="https://leader.galcetateabucovinei.ro/wp-content/uploads/2026/01/Anunt-prelungire-apel-DEZVOLTARE-TERITORIU-05.01.2026.pdf">Anunt prelungire apel DEZVOLTARE TERITORIU 05.01.2026</a><a href="https://leader.galcetateabucovinei.ro/wp-content/uploads/2026/01/Anunt-prelungire-apel-DEZVOLTARE-TERITORIU-05.01.2026.pdf" class="wp-block-file__button wp-element-button" download aria-describedby="wp-block-file--media-1d479485-90e6-4785-92d4-a5903e81ad7f">Descarcă</a></div>



<p class="has-small-font-size"><strong><em>Documente postate la 21.11.2025</em></strong></p>



<div class="wp-block-file"><a id="wp-block-file--media-03e1d311-e726-48b3-b202-67341bc355ac" href="https://leader.galcetateabucovinei.ro/wp-content/uploads/2025/11/0-F2-CDRJ-Suceava.pdf">0 F2 CDRJ Suceava</a><a href="https://leader.galcetateabucovinei.ro/wp-content/uploads/2025/11/0-F2-CDRJ-Suceava.pdf" class="wp-block-file__button wp-element-button" download aria-describedby="wp-block-file--media-03e1d311-e726-48b3-b202-67341bc355ac">Descarcă</a></div>



<div class="wp-block-file"><a id="wp-block-file--media-a142ce08-d5ee-44c9-963b-015d8313c49f" href="https://leader.galcetateabucovinei.ro/wp-content/uploads/2025/11/1-Anunt-lansare-apel-de-selectie-semnat.pdf">1 Anunț lansare apel de selecție semnat</a><a href="https://leader.galcetateabucovinei.ro/wp-content/uploads/2025/11/1-Anunt-lansare-apel-de-selectie-semnat.pdf" class="wp-block-file__button wp-element-button" download aria-describedby="wp-block-file--media-a142ce08-d5ee-44c9-963b-015d8313c49f">Descarcă</a></div>



<div class="wp-block-file"><a id="wp-block-file--media-98705959-feaa-4d08-b1b1-28cd196fd79e" href="https://leader.galcetateabucovinei.ro/wp-content/uploads/2025/11/1-Ghidul-Solicitantului-Interventia-1-FEADR.pdf">1 Ghidul Solicitantului Interventia 1 FEADR</a><a href="https://leader.galcetateabucovinei.ro/wp-content/uploads/2025/11/1-Ghidul-Solicitantului-Interventia-1-FEADR.pdf" class="wp-block-file__button wp-element-button" download aria-describedby="wp-block-file--media-98705959-feaa-4d08-b1b1-28cd196fd79e">Descarcă</a></div>



<div class="wp-block-file"><a id="wp-block-file--media-5dff7e11-e930-47ee-a61c-46092bb7cd9b" href="https://leader.galcetateabucovinei.ro/wp-content/uploads/2025/11/2-Cererea-de-finantare-investitii.pdf">2 Cererea de finantare investitii</a><a href="https://leader.galcetateabucovinei.ro/wp-content/uploads/2025/11/2-Cererea-de-finantare-investitii.pdf" class="wp-block-file__button wp-element-button" download aria-describedby="wp-block-file--media-5dff7e11-e930-47ee-a61c-46092bb7cd9b">Descarcă</a></div>



<div class="wp-block-file"><a id="wp-block-file--media-72eb544d-3ab2-4749-8c17-af88a2bd3e74" href="https://leader.galcetateabucovinei.ro/wp-content/uploads/2025/11/3-Fisa-de-verificare-a-criteriilor-de-eligibilitate-si-de-selectie-locale.docx">3 Fisa de verificare a criteriilor de eligibilitate si de selectie locale</a><a href="https://leader.galcetateabucovinei.ro/wp-content/uploads/2025/11/3-Fisa-de-verificare-a-criteriilor-de-eligibilitate-si-de-selectie-locale.docx" class="wp-block-file__button wp-element-button" download aria-describedby="wp-block-file--media-72eb544d-3ab2-4749-8c17-af88a2bd3e74">Descarcă</a></div>



<div class="wp-block-file"><a id="wp-block-file--media-c2244956-8132-4478-aef1-bf2e75ada921" href="https://leader.galcetateabucovinei.ro/wp-content/uploads/2025/11/4-Declaratia-pe-propria-raspundere-pentru-proiect-PS-2023–2027.docx">4 Declarația pe propria răspundere pentru proiect PS 2023–2027</a><a href="https://leader.galcetateabucovinei.ro/wp-content/uploads/2025/11/4-Declaratia-pe-propria-raspundere-pentru-proiect-PS-2023–2027.docx" class="wp-block-file__button wp-element-button" download aria-describedby="wp-block-file--media-c2244956-8132-4478-aef1-bf2e75ada921">Descarcă</a></div>



<div class="wp-block-file"><a id="wp-block-file--media-56ec47bf-853b-4ec4-996b-c2caa2fb8534" href="https://leader.galcetateabucovinei.ro/wp-content/uploads/2025/11/5-Declaratia-pe-propria-raspundere-privind-criteriile-de-selectie.docx">5 Declarația pe propria răspundere privind criteriile de selecție</a><a href="https://leader.galcetateabucovinei.ro/wp-content/uploads/2025/11/5-Declaratia-pe-propria-raspundere-privind-criteriile-de-selectie.docx" class="wp-block-file__button wp-element-button" download aria-describedby="wp-block-file--media-56ec47bf-853b-4ec4-996b-c2caa2fb8534">Descarcă</a></div>



<div class="wp-block-file"><a id="wp-block-file--media-aaaca880-cebd-40ed-bbf0-8509955520f8" href="https://leader.galcetateabucovinei.ro/wp-content/uploads/2025/11/6-Declaratia-pe-propria-raspundere-raportare-catre-GAL.docx">6 Declarația pe propria răspundere raportare către GAL</a><a href="https://leader.galcetateabucovinei.ro/wp-content/uploads/2025/11/6-Declaratia-pe-propria-raspundere-raportare-catre-GAL.docx" class="wp-block-file__button wp-element-button" download aria-describedby="wp-block-file--media-aaaca880-cebd-40ed-bbf0-8509955520f8">Descarcă</a></div>



<div class="wp-block-file"><a id="wp-block-file--media-2f5a1590-b846-4f62-bfc8-544516975f99" href="https://leader.galcetateabucovinei.ro/wp-content/uploads/2025/11/7-anexa-101-model-memoriu-justificativ.doc">7 anexa-101-model-memoriu-justificativ</a><a href="https://leader.galcetateabucovinei.ro/wp-content/uploads/2025/11/7-anexa-101-model-memoriu-justificativ.doc" class="wp-block-file__button wp-element-button" download aria-describedby="wp-block-file--media-2f5a1590-b846-4f62-bfc8-544516975f99">Descarcă</a></div>



<div class="wp-block-file"><a id="wp-block-file--media-fb8ad580-9dff-4297-8d33-925946894a7d" href="https://leader.galcetateabucovinei.ro/wp-content/uploads/2025/11/8-HG907-Model-studiu-de-fezabilitate-SF.docx">8 HG907 &#8211; Model studiu de fezabilitate (SF)</a><a href="https://leader.galcetateabucovinei.ro/wp-content/uploads/2025/11/8-HG907-Model-studiu-de-fezabilitate-SF.docx" class="wp-block-file__button wp-element-button" download aria-describedby="wp-block-file--media-fb8ad580-9dff-4297-8d33-925946894a7d">Descarcă</a></div>



<div class="wp-block-file"><a id="wp-block-file--media-0f064aba-0287-4114-b96e-2357304a87b3" href="https://leader.galcetateabucovinei.ro/wp-content/uploads/2025/11/9-HG907-Model-documentatie-avizare-lucrari-interventii-DALI.docx">9 HG907 &#8211; Model documentatie avizare lucrari interventii (DALI)</a><a href="https://leader.galcetateabucovinei.ro/wp-content/uploads/2025/11/9-HG907-Model-documentatie-avizare-lucrari-interventii-DALI.docx" class="wp-block-file__button wp-element-button" download aria-describedby="wp-block-file--media-0f064aba-0287-4114-b96e-2357304a87b3">Descarcă</a></div>



<div class="wp-block-file"><a id="wp-block-file--media-b0163b96-833a-4608-b57e-955d7bc12228" href="https://leader.galcetateabucovinei.ro/wp-content/uploads/2025/11/10-AFIR_E1.2.1L-Fisa-verificare-incadrare-proiect.docx">10 AFIR_E1.2.1L &#8211; Fisa verificare incadrare proiect</a><a href="https://leader.galcetateabucovinei.ro/wp-content/uploads/2025/11/10-AFIR_E1.2.1L-Fisa-verificare-incadrare-proiect.docx" class="wp-block-file__button wp-element-button" download aria-describedby="wp-block-file--media-b0163b96-833a-4608-b57e-955d7bc12228">Descarcă</a></div>



<div class="wp-block-file"><a id="wp-block-file--media-d8a4181c-9ad4-4aee-831b-980a8893b7bc" href="https://leader.galcetateabucovinei.ro/wp-content/uploads/2025/11/11-AFIR_E1.2.2L-Fisa-evaluare-generala-proiect-DR36-investitii.docx">11 AFIR_E1.2.2L &#8211; Fisa evaluare generala proiect DR36 (investitii)</a><a href="https://leader.galcetateabucovinei.ro/wp-content/uploads/2025/11/11-AFIR_E1.2.2L-Fisa-evaluare-generala-proiect-DR36-investitii.docx" class="wp-block-file__button wp-element-button" download aria-describedby="wp-block-file--media-d8a4181c-9ad4-4aee-831b-980a8893b7bc">Descarcă</a></div>



<div class="wp-block-file"><a id="wp-block-file--media-528064d7-098e-4897-a741-f2979506881c" href="https://leader.galcetateabucovinei.ro/wp-content/uploads/2025/11/12-Model_Hotarare_consiliu_local_privind_implementare_proiect.doc">12 Model_Hotarare_consiliu_local_privind_implementare_proiect</a><a href="https://leader.galcetateabucovinei.ro/wp-content/uploads/2025/11/12-Model_Hotarare_consiliu_local_privind_implementare_proiect.doc" class="wp-block-file__button wp-element-button" download aria-describedby="wp-block-file--media-528064d7-098e-4897-a741-f2979506881c">Descarcă</a></div>



<div class="wp-block-file"><a id="wp-block-file--media-3a74faaa-bd78-4d58-86ec-04586a6810df" href="https://leader.galcetateabucovinei.ro/wp-content/uploads/2025/11/13-Raport-asupra-utilizarii-programelor-de-finantare-nerambursabila.docx">13 Raport asupra utilizării programelor de finanţare nerambursabilă</a><a href="https://leader.galcetateabucovinei.ro/wp-content/uploads/2025/11/13-Raport-asupra-utilizarii-programelor-de-finantare-nerambursabila.docx" class="wp-block-file__button wp-element-button" download aria-describedby="wp-block-file--media-3a74faaa-bd78-4d58-86ec-04586a6810df">Descarcă</a></div>



<div class="wp-block-file"><a id="wp-block-file--media-1cba308b-cc1b-46cf-8751-c50113290d0a" href="https://leader.galcetateabucovinei.ro/wp-content/uploads/2025/11/14-Fisa-interventiei-1-Investitii-si-servicii-pentru-dezvoltarea-teritoriului.pdf">14 Fisa interventiei 1 Investitii si servicii pentru dezvoltarea teritoriului</a><a href="https://leader.galcetateabucovinei.ro/wp-content/uploads/2025/11/14-Fisa-interventiei-1-Investitii-si-servicii-pentru-dezvoltarea-teritoriului.pdf" class="wp-block-file__button wp-element-button" download aria-describedby="wp-block-file--media-1cba308b-cc1b-46cf-8751-c50113290d0a">Descarcă</a></div>



<div class="wp-block-file"><a id="wp-block-file--media-e5835c11-0d92-4e04-91b1-7384ac4642d9" href="https://leader.galcetateabucovinei.ro/wp-content/uploads/2025/11/15-Instruct-prinvind-evitarea-de-crearea-conditii-artificiale.docx">15 Instruct prinvind evitarea de crearea conditii artificiale</a><a href="https://leader.galcetateabucovinei.ro/wp-content/uploads/2025/11/15-Instruct-prinvind-evitarea-de-crearea-conditii-artificiale.docx" class="wp-block-file__button wp-element-button" download aria-describedby="wp-block-file--media-e5835c11-0d92-4e04-91b1-7384ac4642d9">Descarcă</a></div>



<p></p>
